{"id":1352,"date":"2026-04-30T02:13:03","date_gmt":"2026-04-30T02:13:03","guid":{"rendered":"https:\/\/www.feuerlepuighouse.org\/?page_id=1352"},"modified":"2026-05-05T21:17:40","modified_gmt":"2026-05-05T21:17:40","slug":"privacy-policy-2","status":"publish","type":"page","link":"https:\/\/www.feuerlepuighouse.org\/?page_id=1352","title":{"rendered":"Privacy Policy"},"content":{"rendered":"\t\t<div data-elementor-type=\"wp-post\" data-elementor-id=\"1352\" class=\"elementor elementor-1352\" data-elementor-post-type=\"page\">\n\t\t\t\t<div class=\"elementor-element elementor-element-0132ab7 elementor-hidden-mobile e-flex e-con-boxed e-con e-parent\" data-id=\"0132ab7\" data-element_type=\"container\" data-e-type=\"container\">\n\t\t\t\t\t<div class=\"e-con-inner\">\n\t\t\t\t<div class=\"elementor-element elementor-element-0206678 elementor-widget elementor-widget-heading\" data-id=\"0206678\" data-element_type=\"widget\" data-e-type=\"widget\" data-widget_type=\"heading.default\">\n\t\t\t\t\t<h1 class=\"elementor-heading-title elementor-size-default\">DATENSCHUTZERKL\u00c4RUNG<\/h1>\t\t\t\t<\/div>\n\t\t\t\t\t<\/div>\n\t\t\t\t<\/div>\n\t\t<div class=\"elementor-element elementor-element-f9cf070 elementor-hidden-desktop elementor-hidden-tablet e-flex e-con-boxed e-con e-parent\" data-id=\"f9cf070\" data-element_type=\"container\" data-e-type=\"container\">\n\t\t\t\t\t<div class=\"e-con-inner\">\n\t\t\t\t<div class=\"elementor-element elementor-element-c8b698e elementor-widget elementor-widget-heading\" data-id=\"c8b698e\" data-element_type=\"widget\" data-e-type=\"widget\" data-widget_type=\"heading.default\">\n\t\t\t\t\t<h1 class=\"elementor-heading-title elementor-size-default\">DATENSCHUTZERKL\u00c4RUNG<\/h1>\t\t\t\t<\/div>\n\t\t\t\t\t<\/div>\n\t\t\t\t<\/div>\n\t\t<div class=\"elementor-element elementor-element-62912ab e-flex e-con-boxed e-con e-parent\" data-id=\"62912ab\" data-element_type=\"container\" data-e-type=\"container\">\n\t\t\t\t\t<div class=\"e-con-inner\">\n\t\t\t\t<div class=\"elementor-element elementor-element-de34f41 elementor-widget elementor-widget-text-editor\" data-id=\"de34f41\" data-element_type=\"widget\" data-e-type=\"widget\" data-widget_type=\"text-editor.default\">\n\t\t\t\t\t\t\t\t\t<div class=\"wpb_text_column wpb_content_element\"><div class=\"wpb_wrapper\"><p>Die nachfolgenden Hinweise geben einen \u00dcberblick \u00fcber die Verarbeitung Ihrer Daten durch die Feuerle Collection.<\/p><p>Verantwortliche Stelle im Sinne der Datenschutzgesetze ist die OSO Investments SL, Hallesches Ufer 70, 10963 Berlin, Telefon +49 (0) 30 25792320, dm@thefeuerlecollection.org.<\/p><\/div><\/div><div class=\"ult-spacer spacer-69f2b8d1a2609\" data-id=\"69f2b8d1a2609\" data-height=\"18\" data-height-mobile=\"18\" data-height-tab=\"18\" data-height-tab-portrait=\"\" data-height-mobile-landscape=\"\">\u00a0<\/div><div class=\"wpb_text_column wpb_content_element\"><div class=\"wpb_wrapper\"><p>Ihre Daten<\/p><\/div><\/div><div class=\"ult-spacer spacer-69f2b8d1a26f3\" data-id=\"69f2b8d1a26f3\" data-height=\"18\" data-height-mobile=\"18\" data-height-tab=\"18\" data-height-tab-portrait=\"\" data-height-mobile-landscape=\"\">\u00a0<\/div><div class=\"wpb_text_column wpb_content_element\"><div class=\"wpb_wrapper\"><p>Sie k\u00f6nnen unsere Internetseite besuchen, ohne Angaben zu Ihrer Person zu machen. Wir verarbeiten Ihre personenbezogenen Daten nur mit Ihrer Einwilligung oder wenn eine Rechtsvorschrift dies erlaubt oder erfordert.<\/p><p>Wir verarbeiten Ihre personenbezogenen Daten insbesondere dann, wenn Sie mit uns in Kontakt treten oder Tickets f\u00fcr den Besuch der Feuerle Collection oder f\u00fcr die Incense Ceremony buchen oder zur Bearbeitung Ihrer Spenden bzw. Mitgliedsbeitr\u00e4ge sowie zur Ausstellung der Spendenbescheinigungen. Je nach Art der Anfrage verarbeiten wir Daten wie Namen, Adressen, Telefonnummern, E-Mail-Adressen, Bankdaten und weitere zur Erf\u00fcllung unserer Aufgaben notwendige oder freiwillig gemachte Angaben, wenn diese zur Bearbeitung Ihres Anliegens notwendig sind.<\/p><\/div><\/div><div class=\"ult-spacer spacer-69f2b8d1a27d0\" data-id=\"69f2b8d1a27d0\" data-height=\"18\" data-height-mobile=\"18\" data-height-tab=\"18\" data-height-tab-portrait=\"\" data-height-mobile-landscape=\"\">\u00a0<\/div><div class=\"wpb_text_column wpb_content_element\"><div class=\"wpb_wrapper\"><p>Spenden und Beitr\u00e4ge<\/p><\/div><\/div><div class=\"ult-spacer spacer-69f2b8d1a28a3\" data-id=\"69f2b8d1a28a3\" data-height=\"18\" data-height-mobile=\"18\" data-height-tab=\"18\" data-height-tab-portrait=\"\" data-height-mobile-landscape=\"\">\u00a0<\/div><div class=\"wpb_text_column wpb_content_element\"><div class=\"wpb_wrapper\"><p>Im Rahmen der Verarbeitung der Spenden oder Mitgliedsbeitr\u00e4gen (\u201eFriends\u201c) werden die Daten, welche im Spendenformular angegeben wurden, von uns verarbeitet. Hierbei k\u00f6nnen Ihre Daten an Dritte, insbesondere an Dienstleister, Payment-Provider (wie z.B. PayPal) sowie staatliche Beh\u00f6rden (z.B. das Finanzamt bei steuerrelevanten Informationen) weitergegeben werden. Diese Daten werden nur so lange aufbewahrt, wie es f\u00fcr die Abwicklung der Spende und die Ausstellung der Spendenbescheinigung erforderlich ist. Aufgrund rechtlicher Vorgaben sind wir dazu verpflichtet, diese Daten mindestens 10 Jahre nach dem T\u00e4tigen der letzten Spende aufzubewahren. Es k\u00f6nnen sich l\u00e4ngere Aufbewahrungsfristen ergeben, falls eine dauerhafte Dokumentation sinnvoll erscheint.<\/p><\/div><\/div><div class=\"ult-spacer spacer-69f2b8d1a296c\" data-id=\"69f2b8d1a296c\" data-height=\"18\" data-height-mobile=\"18\" data-height-tab=\"18\" data-height-tab-portrait=\"\" data-height-mobile-landscape=\"\">\u00a0<\/div><div class=\"wpb_text_column wpb_content_element\"><div class=\"wpb_wrapper\"><p>Ihre Rechte<\/p><\/div><\/div><div class=\"ult-spacer spacer-69f2b8d1a2a40\" data-id=\"69f2b8d1a2a40\" data-height=\"18\" data-height-mobile=\"18\" data-height-tab=\"18\" data-height-tab-portrait=\"\" data-height-mobile-landscape=\"\">\u00a0<\/div><div class=\"wpb_text_column wpb_content_element\"><div class=\"wpb_wrapper\"><p>Sie haben jederzeit das Recht auf unentgeltliche Auskunft \u00fcber die zu Ihnen gespeicherten personenbezogenen Daten, deren Herkunft und Empf\u00e4nger und den Zweck der Datenverarbeitung. Sie haben ein Recht auf L\u00f6schung oder Sperrung, wenn Sie w\u00fcnschen, dass wir Ihre Daten nicht mehr speichern und ein Recht auf Berichtigung Ihrer personenbezogenen Daten, wenn wir diese unrichtig gespeichert haben. Sie haben das Recht, die Sie betreffenden personenbezogenen Daten, die Sie uns bereitgestellt haben, in einem strukturierten, g\u00e4ngigen und maschinenlesbaren Format zu erhalten, und das Recht, diese Daten einem anderen Verantwortlichen zu \u00fcbermitteln.<\/p><p>Ferner k\u00f6nnen Sie Ihre Einwilligung zur Verarbeitung Ihrer Daten jederzeit ohne Angabe von Gr\u00fcnden mit Wirkung f\u00fcr die Zukunft widerrufen<strong>.<\/strong><\/p><p>Wenn Sie eines Ihrer Rechte aus\u00fcben m\u00f6chten oder annehmen, bei der Erhebung, Verarbeitung oder Nutzung Ihrer pers\u00f6nlichen Daten in Ihren Rechten verletzt worden zu sein, wenden Sie sich bitte per E-Mail an uns unter dm@thefeuerlecollection.org.<\/p><p>Ferner steht Ihnen das Recht zu, sich mit einer Beschwerde an eine zust\u00e4ndige Datenschutzbeh\u00f6rde zu wenden, zum Beispiel die Berliner Beauftragte f\u00fcr Datenschutz, Friedrichstra\u00dfe 219, 10969 Berlin, mailbox@datenschutz-berlin.de.<\/p><\/div><\/div><div class=\"ult-spacer spacer-69f2b8d1a2b20\" data-id=\"69f2b8d1a2b20\" data-height=\"18\" data-height-mobile=\"18\" data-height-tab=\"18\" data-height-tab-portrait=\"\" data-height-mobile-landscape=\"\">\u00a0<\/div><div class=\"wpb_text_column wpb_content_element\"><div class=\"wpb_wrapper\"><p>Verlinkung auf andere Internetseiten<\/p><\/div><\/div><div class=\"ult-spacer spacer-69f2b8d1a2be9\" data-id=\"69f2b8d1a2be9\" data-height=\"18\" data-height-mobile=\"18\" data-height-tab=\"18\" data-height-tab-portrait=\"\" data-height-mobile-landscape=\"\">\u00a0<\/div><div class=\"wpb_text_column wpb_content_element\"><div class=\"wpb_wrapper\"><p>Es kann vorkommen, dass wir auf unserer Internetpr\u00e4senz auf andere Internetseiten verlinken. Unsere Datenschutzerkl\u00e4rung erstreckt sich nicht auf diese Internetseiten und wir sind f\u00fcr deren Inhalt nicht verantwortlich.<\/p><\/div><\/div><div class=\"ult-spacer spacer-69f2b8d1a2cf4\" data-id=\"69f2b8d1a2cf4\" data-height=\"18\" data-height-mobile=\"18\" data-height-tab=\"18\" data-height-tab-portrait=\"\" data-height-mobile-landscape=\"\">\u00a0<\/div><div class=\"wpb_text_column wpb_content_element\"><div class=\"wpb_wrapper\"><p>Online Ticketshop Visitate<\/p><\/div><\/div><div class=\"ult-spacer spacer-69f2b8d1a2e34\" data-id=\"69f2b8d1a2e34\" data-height=\"18\" data-height-mobile=\"18\" data-height-tab=\"18\" data-height-tab-portrait=\"\" data-height-mobile-landscape=\"\">\u00a0<\/div><div class=\"wpb_text_column wpb_content_element\"><div class=\"wpb_wrapper\"><p>Sie haben auf unserer Internetpr\u00e4senz die M\u00f6glichkeit, Tickets f\u00fcr den Besuch der Feuerle Collection, f\u00fcr die Incense Ceremony oder andere Aktivit\u00e4ten zu buchen. Zur Vertragserf\u00fcllung wickeln wir Ihre Ticketbestellung \u00fcber einen Service der Visitate GmbH &amp; Co. KG mit Sitz in Berlin ab. Bei Ihrer Bestellung werden die von Ihnen angegebenen Daten zum Abschluss, zur Ab- und R\u00fcckabwicklung des Kaufvertrages von uns sowie von der Visitate GmbH &amp; Co. KG im Rahmen der gesetzlichen Bestimmungen verarbeitet.<\/p><p>Wir weisen darauf hin, dass wir keinen Einfluss auf die Datenverarbeitung bei der Visitate GmbH Co. KG haben. Deren Datenschutzerkl\u00e4rung k\u00f6nnen Sie unter https:\/\/www.visitate.de\/header\/datenschutz.html einsehen.<\/p><\/div><\/div><div class=\"ult-spacer spacer-69f2b8d1a2f0b\" data-id=\"69f2b8d1a2f0b\" data-height=\"18\" data-height-mobile=\"18\" data-height-tab=\"18\" data-height-tab-portrait=\"\" data-height-mobile-landscape=\"\">\u00a0<\/div><div class=\"wpb_text_column wpb_content_element\"><div class=\"wpb_wrapper\"><p>Soziale Medien<\/p><\/div><\/div><div class=\"ult-spacer spacer-69f2b8d1a2fea\" data-id=\"69f2b8d1a2fea\" data-height=\"18\" data-height-mobile=\"18\" data-height-tab=\"18\" data-height-tab-portrait=\"\" data-height-mobile-landscape=\"\">\u00a0<\/div><div class=\"wpb_text_column wpb_content_element\"><div class=\"wpb_wrapper\"><p>Wir sind in den sozialen Netzwerken Facebook und Instagram von Facebook Inc. jeweils mit Sitz in den USA, pr\u00e4sent. Die Nutzung von Facebook und Instagram erfolgt auf der Grundlage unserer berechtigten Interessen gem\u00e4\u00df Art. 6 Abs. 1 lit. f. DSGVO, um direkt mit Ihnen kommunizieren zu k\u00f6nnen, im Interesse einer umfassenden Information \u00fcber unsere Aktivit\u00e4ten und unsere Veranstaltungen und einer ansprechenden Darstellung unserer Internetseite.<\/p><p>Bitte beachten Sie, dass wir keinerlei Kenntnis vom Inhalt der \u00fcbermittelten Daten und deren Nutzung durch die sozialen Netzwerke und Dienstleister haben und diese auch nicht kontrollieren k\u00f6nnen. Wir betreiben unsere Angebote auf Facebook und Instagram unter den Datenschutzbestimmungen der jeweiligen Plattformbetreiber und tragen f\u00fcr deren Datenverarbeitung keine direkte Verantwortung.<\/p><p>Facebook Inc. besitzt eine g\u00fcltige EU-Privacy-Shield-Zertifizierung und sichert somit Ma\u00dfnahmen und Standards zu, mit denen das Datenschutzniveau in den USA gespeicherter, personenbezogener Daten auf ein EU-Standards entsprechendes Niveau angehoben wird. Die Zertifizierung von Facebook Inc. kann auf der Internetseite\u00a0<a href=\"http:\/\/www.privacyshield.org\/\">www.privacyshield.org<\/a>abgerufen werden.<\/p><\/div><\/div><div class=\"ult-spacer spacer-69f2b8d1a30da\" data-id=\"69f2b8d1a30da\" data-height=\"18\" data-height-mobile=\"18\" data-height-tab=\"18\" data-height-tab-portrait=\"\" data-height-mobile-landscape=\"\">\u00a0<\/div><div class=\"wpb_text_column wpb_content_element\"><div class=\"wpb_wrapper\"><p>Vimeo<\/p><\/div><\/div><div class=\"ult-spacer spacer-69f2b8d1a31b6\" data-id=\"69f2b8d1a31b6\" data-height=\"18\" data-height-mobile=\"18\" data-height-tab=\"18\" data-height-tab-portrait=\"\" data-height-mobile-landscape=\"\">\u00a0<\/div><div class=\"wpb_text_column wpb_content_element\"><div class=\"wpb_wrapper\"><p>Wir verwenden Videos und nutzen daf\u00fcr den Dienst Vimeo, Anbieter ist die Vimeo LLC mit Sitz in den USA. Durch die Einbindung der Videos und die M\u00f6glichkeit, unser Video zu liken oder zu teilen wird eine Verbindung zu den Servern von Vimeo hergestellt und dem Server wird mitgeteilt, welche unserer Seiten Sie besucht haben. Zudem erlangt Vimeo Ihre IP-Adresse. Dies gilt auch dann, wenn Sie nicht bei Vimeo eingeloggt sind oder keinen Account bei Vimeo besitzen. Diese Informationen werden in der Regel an einen Server von Vimeo in den USA \u00fcbertragen und dort verarbeitet. Wenn Sie in Ihrem Vimeo-Account eingeloggt sind, erm\u00f6glichen Sie Vimeo, Ihr Surfverhalten direkt Ihrem pers\u00f6nlichen Profil zuzuordnen. Dies k\u00f6nnen Sie verhindern, indem Sie sich aus Ihrem Vimeo-Account ausloggen.<\/p><p>Wir weisen darauf hin, dass wir keinen Einfluss auf die Daten\u00fcbertragung und die Datenverarbeitung bei Vimeo haben.<\/p><p>Die Nutzung von Vimeo erfolgt auf der Grundlage unserer berechtigten Interessen gem\u00e4\u00df Art. 6 Abs. 1 lit. f. DSGVO, um unsere Internetpr\u00e4senz und unser Angebot f\u00fcr Sie zu optimieren und im Interesse einer umfassenden Information \u00fcber unsere Aktivit\u00e4ten und unsere Veranstaltungen.<\/p><p>Mehr Informationen zum Umgang mit Nutzerdaten finden Sie in der Datenschutzerkl\u00e4rung von Vimeo (Link zur Datenschutzerkl\u00e4rung einf\u00fcgen).<\/p><\/div><\/div><div class=\"ult-spacer spacer-69f2b8d1a3287\" data-id=\"69f2b8d1a3287\" data-height=\"18\" data-height-mobile=\"18\" data-height-tab=\"18\" data-height-tab-portrait=\"\" data-height-mobile-landscape=\"\">\u00a0<\/div><div class=\"wpb_text_column wpb_content_element\"><div class=\"wpb_wrapper\"><p>Widerspruch gegen Werbe-E-Mails<\/p><\/div><\/div><div class=\"ult-spacer spacer-69f2b8d1a3388\" data-id=\"69f2b8d1a3388\" data-height=\"18\" data-height-mobile=\"18\" data-height-tab=\"18\" data-height-tab-portrait=\"\" data-height-mobile-landscape=\"\">\u00a0<\/div><div class=\"wpb_text_column wpb_content_element\"><div class=\"wpb_wrapper\"><p>Wir widersprechen der Nutzung von im Rahmen der Impressumspflicht ver\u00f6ffentlichten Kontaktdaten zur \u00dcbersendung von nicht ausdr\u00fccklich angeforderter Werbung und Informationsmaterialien.<\/p><\/div><\/div><div class=\"ult-spacer spacer-69f2b8d1a3467\" data-id=\"69f2b8d1a3467\" data-height=\"18\" data-height-mobile=\"18\" data-height-tab=\"18\" data-height-tab-portrait=\"\" data-height-mobile-landscape=\"\">\u00a0<\/div><div class=\"wpb_text_column wpb_content_element\"><div class=\"wpb_wrapper\"><p>Kontakt<\/p><\/div><\/div><div class=\"ult-spacer spacer-69f2b8d1a3523\" data-id=\"69f2b8d1a3523\" data-height=\"18\" data-height-mobile=\"18\" data-height-tab=\"18\" data-height-tab-portrait=\"\" data-height-mobile-landscape=\"\">\u00a0<\/div><div class=\"wpb_text_column wpb_content_element\"><div class=\"wpb_wrapper\"><p>Im Zuge der Weiterentwicklung unserer Internetseite und der Rechtsprechung und Gesetze k\u00f6nnen \u00c4nderungen dieser Datenschutzerkl\u00e4rung erforderlich werden. Daher wird empfohlen, sich diese Datenschutzerkl\u00e4rung ab und zu erneut durchzulesen.<\/p><p>Bei all Ihren Fragen und Anliegen zum Datenschutz in unserem Unternehmen wenden Sie sich bitte an \u00a0dm@thefeuerlecollection.org.<\/p><p>Datum: 26. November 2018<\/p><\/div><\/div>\t\t\t\t\t\t\t\t<\/div>\n\t\t\t\t\t<\/div>\n\t\t\t\t<\/div>\n\t\t\t\t<\/div>\n\t\t","protected":false},"excerpt":{"rendered":"<p>DATENSCHUTZERKL\u00c4RUNG DATENSCHUTZERKL\u00c4RUNG Die nachfolgenden Hinweise geben einen \u00dcberblick \u00fcber die Verarbeitung Ihrer Daten durch die Feuerle Collection. Verantwortliche Stelle im Sinne der Datenschutzgesetze ist die OSO Investments SL, Hallesches Ufer 70, 10963 Berlin, Telefon +49 (0) 30 25792320, dm@thefeuerlecollection.org. \u00a0 Ihre Daten \u00a0 Sie k\u00f6nnen unsere Internetseite besuchen, ohne Angaben zu Ihrer Person zu machen. [&hellip;]<\/p>\n","protected":false},"author":3,"featured_media":0,"parent":0,"menu_order":3,"comment_status":"closed","ping_status":"closed","template":"","meta":{"_acf_changed":false,"footnotes":""},"class_list":["post-1352","page","type-page","status-publish","hentry"],"acf":[],"yoast_head":"<!-- This site is optimized with the Yoast SEO plugin v27.5 - https:\/\/yoast.com\/product\/yoast-seo-wordpress\/ -->\n<title>Privacy Policy - Feuerle Puig House \u2013 The Feuerle Collection<\/title>\n<meta name=\"robots\" content=\"index, follow, max-snippet:-1, max-image-preview:large, max-video-preview:-1\" \/>\n<link rel=\"canonical\" href=\"https:\/\/www.feuerlepuighouse.org\/?page_id=1352\" \/>\n<meta property=\"og:locale\" content=\"en_US\" \/>\n<meta property=\"og:type\" content=\"article\" \/>\n<meta property=\"og:title\" content=\"Privacy Policy - Feuerle Puig House \u2013 The Feuerle Collection\" \/>\n<meta property=\"og:description\" content=\"DATENSCHUTZERKL\u00c4RUNG DATENSCHUTZERKL\u00c4RUNG Die nachfolgenden Hinweise geben einen \u00dcberblick \u00fcber die Verarbeitung Ihrer Daten durch die Feuerle Collection. Verantwortliche Stelle im Sinne der Datenschutzgesetze ist die OSO Investments SL, Hallesches Ufer 70, 10963 Berlin, Telefon +49 (0) 30 25792320, dm@thefeuerlecollection.org. \u00a0 Ihre Daten \u00a0 Sie k\u00f6nnen unsere Internetseite besuchen, ohne Angaben zu Ihrer Person zu machen. [&hellip;]\" \/>\n<meta property=\"og:url\" content=\"https:\/\/www.feuerlepuighouse.org\/?page_id=1352\" \/>\n<meta property=\"og:site_name\" content=\"Feuerle Puig House \u2013 The Feuerle Collection\" \/>\n<meta property=\"article:modified_time\" content=\"2026-05-05T21:17:40+00:00\" \/>\n<meta name=\"twitter:card\" content=\"summary_large_image\" \/>\n<meta name=\"twitter:label1\" content=\"Est. reading time\" \/>\n\t<meta name=\"twitter:data1\" content=\"5 minutes\" \/>\n<script type=\"application\/ld+json\" class=\"yoast-schema-graph\">{\"@context\":\"https:\\\/\\\/schema.org\",\"@graph\":[{\"@type\":\"WebPage\",\"@id\":\"https:\\\/\\\/www.feuerlepuighouse.org\\\/?page_id=1352\",\"url\":\"https:\\\/\\\/www.feuerlepuighouse.org\\\/?page_id=1352\",\"name\":\"Privacy Policy - Feuerle Puig House \u2013 The Feuerle Collection\",\"isPartOf\":{\"@id\":\"https:\\\/\\\/www.feuerlepuighouse.org\\\/#website\"},\"datePublished\":\"2026-04-30T02:13:03+00:00\",\"dateModified\":\"2026-05-05T21:17:40+00:00\",\"breadcrumb\":{\"@id\":\"https:\\\/\\\/www.feuerlepuighouse.org\\\/?page_id=1352#breadcrumb\"},\"inLanguage\":\"en-US\",\"potentialAction\":[{\"@type\":\"ReadAction\",\"target\":[\"https:\\\/\\\/www.feuerlepuighouse.org\\\/?page_id=1352\"]}]},{\"@type\":\"BreadcrumbList\",\"@id\":\"https:\\\/\\\/www.feuerlepuighouse.org\\\/?page_id=1352#breadcrumb\",\"itemListElement\":[{\"@type\":\"ListItem\",\"position\":1,\"name\":\"Home\",\"item\":\"https:\\\/\\\/www.feuerlepuighouse.org\\\/\"},{\"@type\":\"ListItem\",\"position\":2,\"name\":\"Privacy Policy\"}]},{\"@type\":\"WebSite\",\"@id\":\"https:\\\/\\\/www.feuerlepuighouse.org\\\/#website\",\"url\":\"https:\\\/\\\/www.feuerlepuighouse.org\\\/\",\"name\":\"Feuerle Puig House \u2013 The Feuerle Collection\",\"description\":\"The Feuerle Collection is a non-profit art intitution in Berlin, founded in 2016 by D\u00e9sir\u00e9 Feuerle and Sara Puig. Set in a renovated WWII bunker by John Pawson, it presents Imperial Chinese furniture and Khmer sculptures alongside contemporary art in a unique, immersive architectural space.\",\"publisher\":{\"@id\":\"https:\\\/\\\/www.feuerlepuighouse.org\\\/#organization\"},\"potentialAction\":[{\"@type\":\"SearchAction\",\"target\":{\"@type\":\"EntryPoint\",\"urlTemplate\":\"https:\\\/\\\/www.feuerlepuighouse.org\\\/?s={search_term_string}\"},\"query-input\":{\"@type\":\"PropertyValueSpecification\",\"valueRequired\":true,\"valueName\":\"search_term_string\"}}],\"inLanguage\":\"en-US\"},{\"@type\":\"Organization\",\"@id\":\"https:\\\/\\\/www.feuerlepuighouse.org\\\/#organization\",\"name\":\"Feuerle Puig House \u2013 The Feuerle Collection\",\"url\":\"https:\\\/\\\/www.feuerlepuighouse.org\\\/\",\"logo\":{\"@type\":\"ImageObject\",\"inLanguage\":\"en-US\",\"@id\":\"https:\\\/\\\/www.feuerlepuighouse.org\\\/#\\\/schema\\\/logo\\\/image\\\/\",\"url\":\"https:\\\/\\\/www.feuerlepuighouse.org\\\/wp-content\\\/uploads\\\/2026\\\/03\\\/GREY_FEUERLE-PUIG-HOUSE-and-COLLECTION-LOGO-with-RGB-RED.svg\",\"contentUrl\":\"https:\\\/\\\/www.feuerlepuighouse.org\\\/wp-content\\\/uploads\\\/2026\\\/03\\\/GREY_FEUERLE-PUIG-HOUSE-and-COLLECTION-LOGO-with-RGB-RED.svg\",\"width\":609,\"height\":157,\"caption\":\"Feuerle Puig House \u2013 The Feuerle Collection\"},\"image\":{\"@id\":\"https:\\\/\\\/www.feuerlepuighouse.org\\\/#\\\/schema\\\/logo\\\/image\\\/\"}}]}<\/script>\n<!-- \/ Yoast SEO plugin. -->","yoast_head_json":{"title":"Privacy Policy - Feuerle Puig House \u2013 The Feuerle Collection","robots":{"index":"index","follow":"follow","max-snippet":"max-snippet:-1","max-image-preview":"max-image-preview:large","max-video-preview":"max-video-preview:-1"},"canonical":"https:\/\/www.feuerlepuighouse.org\/?page_id=1352","og_locale":"en_US","og_type":"article","og_title":"Privacy Policy - Feuerle Puig House \u2013 The Feuerle Collection","og_description":"DATENSCHUTZERKL\u00c4RUNG DATENSCHUTZERKL\u00c4RUNG Die nachfolgenden Hinweise geben einen \u00dcberblick \u00fcber die Verarbeitung Ihrer Daten durch die Feuerle Collection. Verantwortliche Stelle im Sinne der Datenschutzgesetze ist die OSO Investments SL, Hallesches Ufer 70, 10963 Berlin, Telefon +49 (0) 30 25792320, dm@thefeuerlecollection.org. \u00a0 Ihre Daten \u00a0 Sie k\u00f6nnen unsere Internetseite besuchen, ohne Angaben zu Ihrer Person zu machen. [&hellip;]","og_url":"https:\/\/www.feuerlepuighouse.org\/?page_id=1352","og_site_name":"Feuerle Puig House \u2013 The Feuerle Collection","article_modified_time":"2026-05-05T21:17:40+00:00","twitter_card":"summary_large_image","twitter_misc":{"Est. reading time":"5 minutes"},"schema":{"@context":"https:\/\/schema.org","@graph":[{"@type":"WebPage","@id":"https:\/\/www.feuerlepuighouse.org\/?page_id=1352","url":"https:\/\/www.feuerlepuighouse.org\/?page_id=1352","name":"Privacy Policy - Feuerle Puig House \u2013 The Feuerle Collection","isPartOf":{"@id":"https:\/\/www.feuerlepuighouse.org\/#website"},"datePublished":"2026-04-30T02:13:03+00:00","dateModified":"2026-05-05T21:17:40+00:00","breadcrumb":{"@id":"https:\/\/www.feuerlepuighouse.org\/?page_id=1352#breadcrumb"},"inLanguage":"en-US","potentialAction":[{"@type":"ReadAction","target":["https:\/\/www.feuerlepuighouse.org\/?page_id=1352"]}]},{"@type":"BreadcrumbList","@id":"https:\/\/www.feuerlepuighouse.org\/?page_id=1352#breadcrumb","itemListElement":[{"@type":"ListItem","position":1,"name":"Home","item":"https:\/\/www.feuerlepuighouse.org\/"},{"@type":"ListItem","position":2,"name":"Privacy Policy"}]},{"@type":"WebSite","@id":"https:\/\/www.feuerlepuighouse.org\/#website","url":"https:\/\/www.feuerlepuighouse.org\/","name":"Feuerle Puig House \u2013 The Feuerle Collection","description":"The Feuerle Collection is a non-profit art intitution in Berlin, founded in 2016 by D\u00e9sir\u00e9 Feuerle and Sara Puig. Set in a renovated WWII bunker by John Pawson, it presents Imperial Chinese furniture and Khmer sculptures alongside contemporary art in a unique, immersive architectural space.","publisher":{"@id":"https:\/\/www.feuerlepuighouse.org\/#organization"},"potentialAction":[{"@type":"SearchAction","target":{"@type":"EntryPoint","urlTemplate":"https:\/\/www.feuerlepuighouse.org\/?s={search_term_string}"},"query-input":{"@type":"PropertyValueSpecification","valueRequired":true,"valueName":"search_term_string"}}],"inLanguage":"en-US"},{"@type":"Organization","@id":"https:\/\/www.feuerlepuighouse.org\/#organization","name":"Feuerle Puig House \u2013 The Feuerle Collection","url":"https:\/\/www.feuerlepuighouse.org\/","logo":{"@type":"ImageObject","inLanguage":"en-US","@id":"https:\/\/www.feuerlepuighouse.org\/#\/schema\/logo\/image\/","url":"https:\/\/www.feuerlepuighouse.org\/wp-content\/uploads\/2026\/03\/GREY_FEUERLE-PUIG-HOUSE-and-COLLECTION-LOGO-with-RGB-RED.svg","contentUrl":"https:\/\/www.feuerlepuighouse.org\/wp-content\/uploads\/2026\/03\/GREY_FEUERLE-PUIG-HOUSE-and-COLLECTION-LOGO-with-RGB-RED.svg","width":609,"height":157,"caption":"Feuerle Puig House \u2013 The Feuerle Collection"},"image":{"@id":"https:\/\/www.feuerlepuighouse.org\/#\/schema\/logo\/image\/"}}]}},"_links":{"self":[{"href":"https:\/\/www.feuerlepuighouse.org\/index.php?rest_route=\/wp\/v2\/pages\/1352","targetHints":{"allow":["GET"]}}],"collection":[{"href":"https:\/\/www.feuerlepuighouse.org\/index.php?rest_route=\/wp\/v2\/pages"}],"about":[{"href":"https:\/\/www.feuerlepuighouse.org\/index.php?rest_route=\/wp\/v2\/types\/page"}],"author":[{"embeddable":true,"href":"https:\/\/www.feuerlepuighouse.org\/index.php?rest_route=\/wp\/v2\/users\/3"}],"replies":[{"embeddable":true,"href":"https:\/\/www.feuerlepuighouse.org\/index.php?rest_route=%2Fwp%2Fv2%2Fcomments&post=1352"}],"version-history":[{"count":16,"href":"https:\/\/www.feuerlepuighouse.org\/index.php?rest_route=\/wp\/v2\/pages\/1352\/revisions"}],"predecessor-version":[{"id":1590,"href":"https:\/\/www.feuerlepuighouse.org\/index.php?rest_route=\/wp\/v2\/pages\/1352\/revisions\/1590"}],"wp:attachment":[{"href":"https:\/\/www.feuerlepuighouse.org\/index.php?rest_route=%2Fwp%2Fv2%2Fmedia&parent=1352"}],"curies":[{"name":"wp","href":"https:\/\/api.w.org\/{rel}","templated":true}]}}